 -50*j + 29190 = -40*j. What is the highest common factor of j and 7?
7
Let f(g) = -4*g**2 + 0 + 2 + 4*g**2 + 9*g - g**2. Let c be f(9). Suppose 2*z + 0 + 4 = c*h, 0 = -2*z + 10. Calculate the highest common divisor of 14 and h.
7
Suppose -4*f = 2*i - 92, 0*i + 16 = f - 3*i. Let k = -12 + f. What is the greatest common divisor of 20 and k?
10
Let t(f) = -2*f**3 - 7*f**2 + 47*f + 166. Let r be t(-3). What is the greatest common factor of r and 696?
8
Suppose -3*z + 2*x + 247 = 0, 2*z - 5*x = 3*z - 71. Suppose 0 = 7*l - 114 + 2. Suppose 8*k - l*k = -216. Calculate the highest common divisor of z and k.
27
Suppose -2*a + 9 = a. Suppose -5*k + 5*p + 601 = -k, -a*p - 591 = -4*k. Let o be (-1)/((1/40)/(2/(-5))). Calculate the greatest common factor of k and o.
16
Let f = -371 + 366. Let t be (f - -3)*(12/4 + -47). What is the greatest common divisor of 8 and t?
8
Suppose 2*u + 5*i - 865 + 200 = 0, -5*u - 2*i = -1631. Let j = -160 + u. Let c be (297/6)/(6/8). What is the greatest common divisor of j and c?
33
Let w(q) = 312*q**2 + 30*q - 3. Let n be w(-2). Calculate the highest common divisor of 316 and n.
79
Let o(i) be the third derivative of i**5/60 + 7*i**4/24 - 37*i**3/6 + 2*i**2 + 9*i. Let x be o(5). Calculate the highest common factor of 46 and x.
23
Let c(u) = -u + 19. Let g be c(18). Let m(p) = 11*p**2 + 9*p - 7. Let j be m(g). Calculate the greatest common factor of j and 78.
13
Let j = 3 + 59. Suppose -j - 103 = -3*s. Suppose -5*n = -2*l - 31, -7*l + 3*l + 13 = 5*n. What is the greatest common factor of n and s?
5
Suppose 0 = -34*i + 17269 + 90613. Calculate the highest common divisor of i and 76.
19
Let x(r) = r**3 - 5*r**2 - 2*r - 19. Let k be x(6). Suppose 8*q + k = 13. Suppose 3 + q = 2*l. What is the greatest common factor of l and 22?
2
Suppose -g - 341 = -3*k + 17, 3*g = 5*k - 1078. Let o = g + 377. Calculate the greatest common factor of o and 4.
4
Let q = -205 + 219. Suppose -25 = -5*v, -2*i + 3*v - v + q = 0. Let a(h) = -h**3 + 4*h**2 + h - 4. Let o be a(3). What is the highest common factor of i and o?
4
Let f(n) = 88*n - 132. Let o(g) = -13*g - 139. Let d be o(-11). Let h be f(d). Calculate the greatest common factor of 40 and h.
20
Let d(j) = 3*j + 57. Let p be d(-18). Let k be 3*(-5)/5*(-16 + p). Calculate the highest common factor of k and 3.
3
Suppose k = -p - 0*p + 100, 0 = 4*p + 12. Let u = k - 38. Let n be 12 - (0 + 4 + 0)/(-4). Calculate the highest common factor of n and u.
13
Suppose -29487 = -7*l - 3*r, 5*l - 4*r - 21064 = -8*r. What is the greatest common divisor of 624 and l?
156
Suppose -6*z = -z - 100. Suppose -17*q + 1264 = -10*q - 4*s, 183 = q - 3*s. Calculate the greatest common factor of z and q.
20
Let i = -217 + 221. Suppose 91 + 121 = i*x. Calculate the greatest common factor of 689 and x.
53
Let q be 6/(-4) + 11010/20. Suppose 17*h - q = 114. What is the highest common factor of 52 and h?
13
Let c = -239 + 136. Let z = c - -23. Let s = 84 + z. Calculate the greatest common divisor of 1 and s.
1
Let i = 13374 + -6122. What is the highest common divisor of i and 74?
74
Suppose 4*c - 4*l + 20 = -9*l, -2*c - 3*l - 12 = 0. Let i be (-19 - (-3 + 3))/(-1) - c. What is the highest common divisor of i and 133?
19
Let a = -186 + 290. Calculate the greatest common factor of a and 32.
8
Let q = 94 - 78. Suppose -17*t + q*t = -3. Suppose t*j - 67 = 11. What is the highest common divisor of 286 and j?
26
Suppose -842 - 313 = -15*l. Let i(u) = u**3 + 7*u**2 + 3*u - 11. Let b be i(-6). What is the greatest common divisor of l and b?
7
Let q(t) = 23*t - 658. Let d be q(29). Calculate the highest common factor of 39 and d.
3
Let w(y) = 3*y**2 - 19*y - 5. Let k be w(13). Suppose 6*o - 3*o = k. Suppose -2*z + o = 15. Calculate the highest common divisor of z and 315.
35
Let h(f) = 11*f - 28. Let u be h(3). Suppose -u*k = -n - 73 + 20, -2*k + 30 = 4*n. What is the greatest common divisor of 451 and k?
11
Let h(n) = -n**2 - 9*n - 15. Let g be h(-4). Let b = g + 35. What is the greatest common factor of 40 and b?
40
Let z(q) = -10 + 4*q - 4*q + q**3 - 133*q**2 + 5*q + 143*q**2. Let l be z(-6). Calculate the greatest common factor of 39 and l.
13
Let c = 683 + -642. Suppose -4*n - 2*y + 346 = 0, n + y = c + 46. What is the highest common factor of n and 129?
43
Let p be (((-825)/(-45))/(-11))/((-35)/3276). What is the highest common factor of 55068 and p?
156
Suppose -8*v + 14*v - 240 = 0. Calculate the highest common divisor of v and 340.
20
Let a(i) = 6*i - 4. Let o be a(4). Suppose 289*v + 3090 = 804*v. What is the greatest common factor of o and v?
2
Let m = 13011 - 12869. Calculate the highest common divisor of 12638 and m.
142
Suppose 0 = t - 4*n - 22, 3*t - t - 5*n = 32. Let g be 27 - (t/(-9)*-6 - 3). Let v be (-482)/(-4) - 13/g. What is the greatest common factor of 10 and v?
10
Let y = 80 - 65. Suppose 2*i - 5*i = 3*a - 21, i = -2*a + y. What is the highest common divisor of 64 and a?
8
Let g(r) = 41*r**3 - r**2 + 2*r. Let l be 3/(((-9)/201)/(-1)) + -2. Let i = 66 - l. Let t be g(i). What is the greatest common factor of t and 168?
42
Suppose -5456 = -3*t + 3*x - 824, -3*t + x = -4640. Calculate the greatest common factor of t and 828.
36
Suppose 34*n - 60 = 22*n. Suppose -n*k - 200 = -4*o, 10 + 2 = 3*k. Let z be (-3)/(-8) - 2634/(-16). Calculate the highest common divisor of o and z.
55
Let y = -195 + 403. What is the greatest common factor of 272 and y?
16
Let u(q) = 11*q + 108. Let o be u(-9). Suppose x + 50 = -o*h + 12*h, x - 22 = -h. Calculate the greatest common factor of h and 126.
18
Let h = -84 - -144. Let s be (-105)/(2 - -5)*(-33)/3. Calculate the greatest common factor of h and s.
15
Suppose 35 = -54*q + 59*q. Suppose 0 = -3*c - 7 - 14. Let t be (-782)/(-7) + (-2)/c. Calculate the highest common factor of q and t.
7
Let q = 58 + 110. Suppose -33*n = -234*n + n + 42000. Calculate the highest common divisor of q and n.
42
Let z be (2 + 22)/(1/(3/2)). Let y(s) = 14*s**2 + 5. Let v be y(-2). Suppose -8*b + v = -11. Calculate the highest common factor of z and b.
9
Let q be (-2)/9 - (5 + (-38022)/27). Suppose q = 4*p - 5*j + 458, -3*p = -2*j - 700. What is the highest common divisor of p and 46?
46
Let h = -23763 - -24459. Calculate the greatest common divisor of h and 432.
24
Let m(h) = 7*h - 27. Let p = -172 - -180. Let k be m(p). What is the greatest common divisor of 232 and k?
29
Let d be -130*(4/10 + (-276)/115). What is the greatest common divisor of 16250 and d?
130
Suppose 433 + 503 = 4*g - 2*b, -4*g = 4*b - 936. Let h = -26 + g. Let s = -640 + 692. What is the greatest common factor of h and s?
52
Let x = 967 + -736. Calculate the greatest common divisor of 14 and x.
7
Let q(l) = 8*l**3 + 8*l**2 + 7*l + 9. Let w be q(-5). Let a = 1384 + w. What is the highest common factor of a and 62?
62
Let k = 103 + -104. Let f(d) be the first derivative of -11*d**2/2 + 2*d - 8. Let y be f(k). What is the highest common factor of y and 91?
13
Suppose -13*q = -20*q + 5*g + 3744, 0 = 2*q + 5*g - 1044. Calculate the greatest common factor of 56 and q.
28
Let n(v) = -4*v**3 - 19*v**2 + 16*v + 89. Let k be n(-11). Calculate the greatest common divisor of 91 and k.
13
Let a = -22435 + 22477. Calculate the greatest common factor of a and 1344.
42
Let d = 48 - 33. Suppose 5*m = d, 5*p - 4*p = -4*m + 77. Calculate the highest common factor of 5 and p.
5
Let q = 9726 + -9714. Let z = 2 + 0. Let s = z - -4. What is the highest common divisor of q and s?
6
Suppose -3*o - 27 = -99. Calculate the highest common divisor of 472 and o.
8
Let x(b) = -b**3 - 9*b**2 + 15*b + 57. Let i = -158 - -148. Let q be x(i). Calculate the highest common divisor of q and 21.
7
Let y be -418*(-14)/(-8)*(-76)/(-266). Let h = y + 319. What is the greatest common divisor of h and 30?
10
Let m(i) = -7*i + 55. Let q be m(5). What is the greatest common divisor of q and 8240?
20
Suppose -29*i = -22*i - 35. Suppose h - 3*h = p - 250, p - 247 = -i*h. Calculate the greatest common factor of 84 and p.
84
Let s(w) = -3*w**3 + w**2 - 15*w + 9711. Let z be s(0). What is the highest common divisor of 498 and z?
249
Suppose -3*z - 2*z = 12*z - 204. What is the highest common factor of 648 and z?
12
Let v = -616 + 867. Let m = 525 - 272. Suppose 5*z - h = -3*h